{"id":817,"date":"2025-05-14T12:29:24","date_gmt":"2025-05-14T10:29:24","guid":{"rendered":"https:\/\/www.brflundvaster3.se\/?page_id=817"},"modified":"2025-05-14T18:59:35","modified_gmt":"2025-05-14T16:59:35","slug":"skotselparm","status":"publish","type":"page","link":"https:\/\/www.brflundvaster3.se\/?page_id=817","title":{"rendered":"Sk\u00f6tselp\u00e4rm"},"content":{"rendered":"\n<p>F\u00f6rvara Sk\u00f6tselp\u00e4rmen v\u00e4l. <br>Den fysiska Sk\u00f6tselp\u00e4rmen&nbsp;tillh\u00f6r l\u00e4genheten, vilket inneb\u00e4r att vid \u00f6verl\u00e5telse av l\u00e4genheten skall p\u00e4rmen l\u00e4mnas \u00f6ver till den nya medlemmen.<\/p>\n\n\n\n<p><strong>Ladda ner Sk\u00f6tselp\u00e4rmen i digitalt format (PDF)<\/strong><\/p>\n\n\n\n<p><a href=\"https:\/\/www.brflundvaster3.se\/wp-content\/uploads\/2025\/05\/Skotselparm_flik_1_till_10.pdf\">Sk\u00f6tselp\u00e4rm BRF Lund V\u00e4ster 3 Flik 1 &#8211; 10<\/a><\/p>\n\n\n\n<p><a href=\"https:\/\/www.brflundvaster3.se\/wp-content\/uploads\/2025\/05\/Skotselparm_flik_11_till_31.pdf\">Sk\u00f6tselp\u00e4rm BRF Lund V\u00e4ster 3 Flik 11 &#8211; 31<\/a><\/p>\n\n\n\n<p><a href=\"https:\/\/www.jm.se\/kontakt\/underhall-av-din-bostad\/\">Underh\u00e5ll av din bostad p\u00e5 JMs hemsida<\/a><\/p>\n","protected":false},"excerpt":{"rendered":"<p>F\u00f6rvara Sk\u00f6tselp\u00e4rmen v\u00e4l. Den fysiska Sk\u00f6tselp\u00e4rmen&nbsp;tillh\u00f6r l\u00e4genheten, vilket inneb\u00e4r att vid \u00f6verl\u00e5telse av l\u00e4genheten skall p\u00e4rmen l\u00e4mnas \u00f6ver till den nya medlemmen. Ladda ner Sk\u00f6tselp\u00e4rmen i digitalt format (PDF) Sk\u00f6tselp\u00e4rm BRF Lund V\u00e4ster 3 Flik 1 &#8211; 10 Sk\u00f6tselp\u00e4rm BRF Lund V\u00e4ster 3 Flik 11 &#8211; 31 Underh\u00e5ll av din bostad p\u00e5 JMs hemsida<\/p>\n","protected":false},"author":6,"featured_media":0,"parent":0,"menu_order":0,"comment_status":"closed","ping_status":"closed","template":"","meta":[],"_links":{"self":[{"href":"https:\/\/www.brflundvaster3.se\/index.php?rest_route=\/wp\/v2\/pages\/817"}],"collection":[{"href":"https:\/\/www.brflundvaster3.se\/index.php?rest_route=\/wp\/v2\/pages"}],"about":[{"href":"https:\/\/www.brflundvaster3.se\/index.php?rest_route=\/wp\/v2\/types\/page"}],"author":[{"embeddable":true,"href":"https:\/\/www.brflundvaster3.se\/index.php?rest_route=\/wp\/v2\/users\/6"}],"replies":[{"embeddable":true,"href":"https:\/\/www.brflundvaster3.se\/index.php?rest_route=%2Fwp%2Fv2%2Fcomments&post=817"}],"version-history":[{"count":4,"href":"https:\/\/www.brflundvaster3.se\/index.php?rest_route=\/wp\/v2\/pages\/817\/revisions"}],"predecessor-version":[{"id":829,"href":"https:\/\/www.brflundvaster3.se\/index.php?rest_route=\/wp\/v2\/pages\/817\/revisions\/829"}],"wp:attachment":[{"href":"https:\/\/www.brflundvaster3.se\/index.php?rest_route=%2Fwp%2Fv2%2Fmedia&parent=817"}],"curies":[{"name":"wp","href":"https:\/\/api.w.org\/{rel}","templated":true}]}}